Calculate o(a).
10
Suppose -2*r - 5 = 9. Let c(b) = b**2 + b. Let o(v) be the first derivative of -v**4/4 - 13*v**3/3 - 5*v**2/2 - 23. Let u(l) = 6*c(l) + o(l). Determine u(r).
-7
Let n(u) = u**3 + 8*u**2 + 7*u - 1. Let t be n(-3). Let m(o) = -21*o + 478. Give m(t).
-5
Let f(j) = -206*j**3 + 13*j**2 - 9*j - 99. Let v(a) = 52*a**3 - 3*a**2 + 2*a + 22. Let q(d) = 2*f(d) + 9*v(d). Calculate q(-1).
-57
Let v(z) = 19*z**3 - 2*z**2 - z. Let s = -40 - -132. Suppose -b = -s + 32. Let c = 59 - b. Determine v(c).
-20
Let l(j) = 9*j**2 - 1 - 2*j + 3 + 1 - 4. Let a be (-8 + (3 - 1) + 14)/4. What is l(a)?
31
Let l(v) = v + 11. Let g(k) = -378*k + 189*k + 190*k + 10. Let r(n) = -6*g(n) + 5*l(n). Determine r(-4).
-1
Let k(x) = 9*x + 1. Let u(d) = d**2 + 152*d - 945. Let z be u(6). Give k(z).
28
Let y(x) be the second derivative of -4*x**3/3 + 3*x**2/2 - x. Suppose -56*s + 82*s - 26 = 0. Let n(c) = -c + 1. Let v(g) = s*y(g) - 4*n(g). What is v(2)?
-9
Suppose -1375 = -93*b + 59*b - 91*b. Let p(y) = -12*y + 147. What is p(b)?
15
Suppose -231*k = 491 - 1415. Suppose -2*h = -9 + 3. Let p(a) = k*a - 5 + h + 4. Give p(5).
22
Let n be -1*(1 - 0)*(-18 + 27 + -9). Let f(h) = -h**2 + 4*h - 15. What is f(n)?
-15
Let t(j) = -178*j + 94*j - 36 + 78*j - 54. Calculate t(-17).
12
Let y(d) = -d - 7. Let b(q) = -10*q + 7*q**2 + 6 + 0*q + 5*q**3 + q**3 - 7*q**3. Let z be b(5). Suppose 21*u - z*u = -105. Calculate y(u).
0
Let z(d) = 77*d - 1300. Let x be z(17). Let y(k) = 2*k + 20. What is y(x)?
38
Let i = 4 + -4. Suppose 4*x + 4 + 8 = i, 0 = 3*d + 3*x + 3. Suppose d*b + 3 = 5. Let v(t) = -6*t**3 - 2*t + 1. Give v(b).
-7
Let z(c) = -9*c**2 + 27*c**2 + 7 + 2*c**3 + 2275*c - 1139*c - 3*c**3 - 1142*c. Determine z(18).
-101
Let z(o) = 10*o - 75. Let k(m) = 6*m**2 - 48*m + 48. Let x be k(1). Give z(x).
-15
Let i(w) be the first derivative of w**3/3 + 2*w**2 - w - 1. Let x(h) = -55*h + 1468. Let a be x(0). Let m = a + -1473. Determine i(m).
4
Let p = 12239 - 12226. Let k(l) = 4*l - l**2 + 2 + 8*l + 7. Calculate k(p).
-4
Let l(o) = -7*o. Let q(k) = -19*k - 1. Suppose -2*v - 44 = 9*v. Let j(x) = v*q(x) + 11*l(x). What is j(-4)?
8
Suppose 2*i + 21 = 5*i. Suppose 101*n - i = 102*n. Let q(s) = -s**3 - 8*s**2 - 8*s + 8. What is q(n)?
15
Let p(r) = 3*r**3 - 4*r**3 - 2*r + 4*r**2 + 1 - r**2 + 2. Let q be 11/((-4862)/(-1360)) + (-2)/26. What is p(q)?
-3
Suppose f - 6 = 4*u, 4*f - 2*u + 9 = 33. Let y(k) = -5*k**3 + k**2 + 19*k - 4. Let l(o) = -o**3 + 3*o - 1. Let x(h) = f*l(h) - y(h). Determine x(0).
-2
Let b(a) = 0*a**3 - 4*a**2 + 3*a**3 + 5*a + 8*a**3 + 7*a**3 - 4 - 7*a**3. What is b(2)?
78
Let w(j) = -2*j**2 - 6*j + 7. Let i(x) = x**3 + 7*x**2 + 32*x - 37. Let s(m) = 2*i(m) + 11*w(m). Calculate s(5).
43
Let t(a) = 3*a**3 - 21*a**2 + 35*a - 240. Let p be t(7). Let f(o) = 2*o**2 - 8*o - 24. Calculate f(p).
-14
Let s = -16 - -19. Suppose 5*h + 3*o - 19 = 0, h + s + 1 = 2*o. Let c(i) be the third derivative of -i**4/12 + i**3/3 + 5*i**2 + 9. Give c(h).
-2
Let w(q) = -11*q**2 - 28*q + 40. Suppose -p + 16 = -5*x, -5*x = 2*p - x - 4. Let t(z) = 5*z**2 + 14*z - 19. Let m(h) = p*w(h) + 13*t(h). Determine m(14).
-7
Let n(o) be the first derivative of -o**6/120 - 7*o**5/60 - 11*o**4/24 - o**3/2 + o**2/2 + 11*o - 6. Let x(m) be the second derivative of n(m). Determine x(-5).
2
Let z(m) = m + 2. Let b = -428 + 419. Let n(l) = -l**3 - 10*l**2 - 6*l + 27. Let h be n(b). Determine z(h).
2
Let v(y) = -602*y - 6024. Let s be v(-10). Let m(k) = 2*k**3 + 5*k**2 + 6*k. Determine m(s).
-72
Let v(r) = -39555*r**2 - 3 + 3*r + 11 + 39553*r**2. Let o be (-4)/(-1)*(-2)/4. Let p be v(o). Let l(b) = 4*b + 7. Calculate l(p).
-17
Let t(v) = -2*v**3 + 10*v**2 + 2*v + 5*v + v**3 - 9*v + 7. What is t(10)?
-13
Suppose -4*m - 19 = -23. Suppose 5*y - 75 = 5*x, -x + 4*x = -y - m. Let b = y - 8. Let k(d) = d**2 - 4*d - 4. Calculate k(b).
-7
Let a(y) = 837*y - 1673*y + 194 - 153 + 842*y. Determine a(-11).
-25
Let b(x) = -x**3 + 22*x**2 + 2*x + 19. Suppose -102784*m + 102779*m = -110. Calculate b(m).
63
Let j be 9/(-18)*(1 - 3). Let y(c) = -198*c - 3 + 197*c + j. Let n(p) = p**2 + 5*p - 7. Let k be n(-5). Determine y(k).
5
Let j = -10 - -6. Let y be (-3)/((-84)/(-8))*-35. Let w(r) = 5*r + r**2 + 0*r**2 + 7 - 15 + y. Determine w(j).
-2
Let q = -4558 + 4562. Let j(u) be the first derivative of u**2 - 2*u + 2. Determine j(q).
6
Let f(z) = 2*z + 288. Let m(b) = 6*b + 601. Let a(l) = 5*f(l) - 3*m(l). Determine a(-46).
5
Let r(d) = -7*d**2 + 22*d + 27. Let h(u) = -11*u**2 + 34*u + 41. Let t(b) = -5*h(b) + 8*r(b). Suppose -517*x + 521*x - 32 = 0. Calculate t(x).
-5
Let n be 38/(-5) - 6/15. Let i(w) = w**2 + 8*w + 2. Let x be i(n). Let j(k) = -2*k + 2. What is j(x)?
-2
Let s(y) = 10*y - 22. Suppose 277*c + 22 = 288*c. Determine s(c).
-2
Let w(x) = 2017*x - 1012*x + 5 - 5 + 7 - 1017*x - 2*x**2. Give w(-7).
-7
Let x = 377 - 317. Suppose 6*a + x = 18*a. Let d(k) = 2*k**2 - 3*k - 6. Calculate d(a).
29
Let d(n) = -2*n + 11. Suppose v = -16*k + 11*k + 20, 0 = 5*v - 4*k - 13. Suppose -5*a - 40 = -v*b, 6*b + 23 = 8*b + 5*a. Calculate d(b).
-7
Let q(g) = 22*g - 267. Let k be (6/(-21) - 1410/(-329)) + 8. Determine q(k).
-3
Let n(p) = p**2 + 3*p - 17. Let c(u) = 2*u**2 + 8*u - 36. Let m(s) = -2*c(s) + 5*n(s). Let o = 11 + -11. Determine m(o).
-13
Let b(z) be the first derivative of z**2 - 8*z + 0 + 31 + 27. Give b(7).
6
Let f(q) = 5*q**3 + 42*q**2 + 56*q + 44. Let o be f(-7). Let y(l) = l**2 + 33*l + 144. Calculate y(o).
4
Let x(d) = -92*d - 3. Let j be x(0). Let a(f) = -5*f - 9. Determine a(j).
6
Let r(j) = -j**3 + 2*j**2 - 3*j + 83. Let z be (34 - 33)*(1 - (-1)/(-1)). Give r(z).
83
Let l(n) = n**3 - 24*n**2 + n - 27. Let c(w) = -w**2 + 71*w - 1236. Let z be c(36). Calculate l(z).
-3
Let a be (0 + 0)/((-13 - -3)/10). Let s(b) = 3*b - 7*b + 2*b + 3*b + 10 + a. Give s(-10).
0
Let c(w) = w**2 + 16*w. Let z be (-64)/96*24/1. Calculate c(z).
0
Let r be -348 + 350 + (4/(-6))/((-1)/(-30)). Let b(p) = p**3 + 17*p**2 - 21*p - 43. Calculate b(r).
11
Let m(f) = -f**3 - 2*f**2 - f - 1. Let t(p) = 4*p**2 + 24*p - 29. Suppose 27 = -5*z + 4*i, -z - 3 = -3*i - 2. Let b be t(z). Determine m(b).
-1
Let f = -319 + 366. Suppose 5*h + v = h + f, -4*h = -v - 41. Let k(o) = -o**3 + 11*o**2 - 3*o + 13. Give k(h).
-20
Let w(c) = -15 + 24*c - 13*c - 14*c. Let i = -1104 + 1097. Give w(i).
6
Let h(o) = 25*o. Let j be 24/(-324)*(11 + -38). Determine h(j).
50
Let u(o) = 29*o**2 + 121*o + 55. Let i(r) = -12*r**2 - 49*r - 22. Let k(g) = 12*i(g) + 5*u(g). What is k(-16)?
-5
Let d be (520/(-120))/((-1)/(-12)). Let s(k) = -k**2 - 53*k - 52. Determine s(d).
0
Let n(q) be the first derivative of 1/3*q**3 + 0*q**2 - q - 19/4*q**4 + 14. Calculate n(1).
-19
Let f(r) = -3*r**2 + 48*r + 108. Let k(w) = -12*w**2 + 191*w + 415. Let m(a) = 23*f(a) - 6*k(a). Calculate m(14).
-6
Suppose -2*g - 1796 + 1838 = -5*r, 30 = 3*g - 2*r. Let v(k) = -k + 2. Let s(f) = 2*f - 3. Let z(l) = -2*s(l) - 3*v(l). Determine z(g).
-6
Let l be (-24 + 25)/((-5)/(-105)). Let y(u) = u**3 - 20*u**2 - 21*u - 30. What is y(l)?
-30
Let d(t) = 26*t + 2166. Let p be d(-84). Let x(u) = u**3 + 20*u**2 + 38*u + 4. Give x(p).
-32
Let t(a) = 54 - 31 - 27 - 5*a - 2*a**2. Suppose 10 = -125*z + 120*z. Calculate t(z).
-2
Let y(r) = -r**3 - 6*r**2 - 8*r - 6. Let b(m) = -m**2 + 5*m + 1. Let s = -17 + 20. Let d be b(s). Suppose -d*p + 10*p = -15. Calculate y(p).
9
Let j(r) = 18*r + 220. Let o be j(-12). Let n(k) = -1. Let t(p) = 2*p + 5. Let a(s) = 3*n(s) + t(s). What is a(o)?
10
Let s(h) = h**2 + 4*h - 4. Suppose 67*u - 40*u + 162 = 0. Calculate s(u).
8
Let m(b) = -842 + 1672 - 838 - b. Let r be -8 + (-2)/4*-4. Determine m(r).
-2
Suppose 0 = 2*x - 4*z - 14, 0 = -4*x + 8*x + 2*z + 22. Suppose 0 = 5*y + 4*u + 4 - 29, 0 = -2*u. Let g(s) = s - y*s - 2*s**2 + s**2 + s. Determine g(x).
0
Suppose -3*i - 3*u = -15, -4*u = -u + 9. Let n(k) = -365*k - 3824 + 730*k + 3837 - 367*k. Calculate n(i).
-3
Let f(l) = -3*l - 6. Suppose g + 3*z + 218 = 0, 2*z - 240 - 212 = 2*g. Let c = -227 - g. Give f(c).
3
Let x(r) = -r + 21. Let m be ((-475)/150)/((-7)/28*4/6). Give x(m).
2
Let l be 4/12*1*0. Suppose -3*r - 9 - 3 = l. Let c(u) = -u + 19 - 5 - 11 + 2*u. Calculate c(r).
-1
Let b(y) = -y**2 + 18*y - 17. Let g = 9483 + -9470. Give b(g).
48
Let h(l) = 